{"id":206,"date":"2020-05-11T13:59:07","date_gmt":"2020-05-11T11:59:07","guid":{"rendered":"http:\/\/andrieu-servaege.fr\/?page_id=206"},"modified":"2020-05-11T14:09:07","modified_gmt":"2020-05-11T12:09:07","slug":"construction","status":"publish","type":"page","link":"https:\/\/andrieu-servaege.fr\/index.php\/construction\/","title":{"rendered":"Construction"},"content":{"rendered":"\t\t<div data-elementor-type=\"wp-page\" data-elementor-id=\"206\" class=\"elementor elementor-206\">\n\t\t\t\t\t\t<div class=\"elementor-inner\">\n\t\t\t\t<div class=\"elementor-section-wrap\">\n\t\t\t\t\t\t\t\t\t<section class=\"elementor-section elementor-top-section elementor-element elementor-element-246fff7 elementor-section-boxed elementor-section-height-default elementor-section-height-default\" data-id=\"246fff7\" data-element_type=\"section\">\n\t\t\t\t\t\t<div class=\"elementor-container elementor-column-gap-default\">\n\t\t\t\t\t\t\t<div class=\"elementor-row\">\n\t\t\t\t\t<div class=\"elementor-column elementor-col-100 elementor-top-column elementor-element elementor-element-dde3209\" data-id=\"dde3209\" data-element_type=\"column\">\n\t\t\t<div class=\"elementor-column-wrap elementor-element-populated\">\n\t\t\t\t\t\t\t<div class=\"elementor-widget-wrap\">\n\t\t\t\t\t\t<div class=\"elementor-element elementor-element-1eb83c7 elementor-widget elementor-widget-heading\" data-id=\"1eb83c7\" data-element_type=\"widget\" data-widget_type=\"heading.default\">\n\t\t\t\t<div class=\"elementor-widget-container\">\n\t\t\t<h4 class=\"elementor-heading-title elementor-size-default\">Du gros \u0153uvre aux finitions<\/h4>\t\t<\/div>\n\t\t\t\t<\/div>\n\t\t\t\t\t\t<\/div>\n\t\t\t\t\t<\/div>\n\t\t<\/div>\n\t\t\t\t\t\t\t\t<\/div>\n\t\t\t\t\t<\/div>\n\t\t<\/section>\n\t\t\t\t<section class=\"elementor-section elementor-top-section elementor-element elementor-element-54edf4e elementor-section-boxed elementor-section-height-default elementor-section-height-default\" data-id=\"54edf4e\" data-element_type=\"section\">\n\t\t\t\t\t\t<div class=\"elementor-container elementor-column-gap-default\">\n\t\t\t\t\t\t\t<div class=\"elementor-row\">\n\t\t\t\t\t<div class=\"elementor-column elementor-col-100 elementor-top-column elementor-element elementor-element-326012e\" data-id=\"326012e\" data-element_type=\"column\">\n\t\t\t<div class=\"elementor-column-wrap elementor-element-populated\">\n\t\t\t\t\t\t\t<div class=\"elementor-widget-wrap\">\n\t\t\t\t\t\t<div class=\"elementor-element elementor-element-fdd7561 elementor-widget elementor-widget-text-editor\" data-id=\"fdd7561\" data-element_type=\"widget\" data-widget_type=\"text-editor.default\">\n\t\t\t\t<div class=\"elementor-widget-container\">\n\t\t\t\t\t\t\t\t<div class=\"elementor-text-editor elementor-clearfix\">\n\t\t\t\t<p><strong>Nos services pour la construction ou la r\u00e9novation de votre maison sont multiples :<\/strong><\/p><ul><li>gros \u0153uvre (fondations, nivellement, terrassement) ;<\/li><li>am\u00e9nagement des terrains ;<\/li><li>ferraillage, b\u00e9tonnage et ma\u00e7onnerie (blocs, briques, pierres et cimentage) ;<\/li><li>pose de toitures plates ou inclin\u00e9es, de ch\u00e2ssis et portes ;<\/li><li>pose d\u2019\u00e9l\u00e9ments pr\u00e9fabriqu\u00e9s.<\/li><\/ul>\t\t\t\t\t<\/div>\n\t\t\t\t\t\t<\/div>\n\t\t\t\t<\/div>\n\t\t\t\t\t\t<\/div>\n\t\t\t\t\t<\/div>\n\t\t<\/div>\n\t\t\t\t\t\t\t\t<\/div>\n\t\t\t\t\t<\/div>\n\t\t<\/section>\n\t\t\t\t<section class=\"elementor-section elementor-top-section elementor-element elementor-element-c723f4b elementor-section-boxed elementor-section-height-default elementor-section-height-default\" data-id=\"c723f4b\" data-element_type=\"section\">\n\t\t\t\t\t\t<div class=\"elementor-container elementor-column-gap-default\">\n\t\t\t\t\t\t\t<div class=\"elementor-row\">\n\t\t\t\t\t<div class=\"elementor-column elementor-col-100 elementor-top-column elementor-element elementor-element-99fcf79\" data-id=\"99fcf79\" data-element_type=\"column\">\n\t\t\t<div class=\"elementor-column-wrap elementor-element-populated\">\n\t\t\t\t\t\t\t<div class=\"elementor-widget-wrap\">\n\t\t\t\t\t\t<div class=\"elementor-element elementor-element-3af906e elementor-widget elementor-widget-heading\" data-id=\"3af906e\" data-element_type=\"widget\" data-widget_type=\"heading.default\">\n\t\t\t\t<div class=\"elementor-widget-container\">\n\t\t\t<h4 class=\"elementor-heading-title elementor-size-default\">Am\u00e9nagements ext\u00e9rieurs<\/h4>\t\t<\/div>\n\t\t\t\t<\/div>\n\t\t\t\t\t\t<\/div>\n\t\t\t\t\t<\/div>\n\t\t<\/div>\n\t\t\t\t\t\t\t\t<\/div>\n\t\t\t\t\t<\/div>\n\t\t<\/section>\n\t\t\t\t<section class=\"elementor-section elementor-top-section elementor-element elementor-element-75902b5 elementor-section-boxed elementor-section-height-default elementor-section-height-default\" data-id=\"75902b5\" data-element_type=\"section\">\n\t\t\t\t\t\t<div class=\"elementor-container elementor-column-gap-default\">\n\t\t\t\t\t\t\t<div class=\"elementor-row\">\n\t\t\t\t\t<div class=\"elementor-column elementor-col-100 elementor-top-column elementor-element elementor-element-3d3a673\" data-id=\"3d3a673\" data-element_type=\"column\">\n\t\t\t<div class=\"elementor-column-wrap elementor-element-populated\">\n\t\t\t\t\t\t\t<div class=\"elementor-widget-wrap\">\n\t\t\t\t\t\t<div class=\"elementor-element elementor-element-9a86ce2 elementor-widget elementor-widget-text-editor\" data-id=\"9a86ce2\" data-element_type=\"widget\" data-widget_type=\"text-editor.default\">\n\t\t\t\t<div class=\"elementor-widget-container\">\n\t\t\t\t\t\t\t\t<div class=\"elementor-text-editor elementor-clearfix\">\n\t\t\t\t<p>Pour donner un nouvel aspect d\u2019ensemble \u00e0 votre habitation, nous prenons aussi en main vos am\u00e9nagements ext\u00e9rieurs. De l\u2019installation de la porte de votre garage. Nous posons aussi votre terrasse, vos dallages, murets et autres cl\u00f4tures.<\/p>\t\t\t\t\t<\/div>\n\t\t\t\t\t\t<\/div>\n\t\t\t\t<\/div>\n\t\t\t\t\t\t<\/div>\n\t\t\t\t\t<\/div>\n\t\t<\/div>\n\t\t\t\t\t\t\t\t<\/div>\n\t\t\t\t\t<\/div>\n\t\t<\/section>\n\t\t\t\t\t\t\t\t\t<\/div>\n\t\t\t<\/div>\n\t\t\t\t\t<\/div>\n\t\t","protected":false},"excerpt":{"rendered":"<p>Du gros \u0153uvre aux finitions<\/p>\n","protected":false},"author":1,"featured_media":0,"parent":0,"menu_order":0,"comment_status":"closed","ping_status":"closed","template":"","meta":{"kt_blocks_editor_width":""},"yoast_head":"<!-- This site is optimized with the Yoast SEO plugin v15.3 - https:\/\/yoast.com\/wordpress\/plugins\/seo\/ -->\n<title>Construction - Andrieu-Servaege<\/title>\n<meta name=\"robots\" content=\"index, follow, max-snippet:-1, max-image-preview:large, max-video-preview:-1\" \/>\n<link rel=\"canonical\" href=\"https:\/\/andrieu-servaege.fr\/index.php\/construction\/\" \/>\n<meta property=\"og:locale\" content=\"fr_FR\" \/>\n<meta property=\"og:type\" content=\"article\" \/>\n<meta property=\"og:title\" content=\"Construction - Andrieu-Servaege\" \/>\n<meta property=\"og:description\" content=\"Du gros \u0153uvre aux finitions\" \/>\n<meta property=\"og:url\" content=\"https:\/\/andrieu-servaege.fr\/index.php\/construction\/\" \/>\n<meta property=\"og:site_name\" content=\"Andrieu-Servaege\" \/>\n<meta property=\"article:modified_time\" content=\"2020-05-11T12:09:07+00:00\" \/>\n<meta name=\"twitter:card\" content=\"summary_large_image\" \/>\n<meta name=\"twitter:label1\" content=\"\u00c9crit par\">\n\t<meta name=\"twitter:data1\" content=\"admin4383\">\n\t<meta name=\"twitter:label2\" content=\"Dur\u00e9e de lecture est.\">\n\t<meta name=\"twitter:data2\" content=\"0 minute\">\n<script type=\"application\/ld+json\" class=\"yoast-schema-graph\">{\"@context\":\"https:\/\/schema.org\",\"@graph\":[{\"@type\":\"WebSite\",\"@id\":\"https:\/\/andrieu-servaege.fr\/#website\",\"url\":\"https:\/\/andrieu-servaege.fr\/\",\"name\":\"Andrieu-Servaege\",\"description\":\"Entreprise de r\\u00e9novation Pouzilhac\",\"potentialAction\":[{\"@type\":\"SearchAction\",\"target\":\"https:\/\/andrieu-servaege.fr\/?s={search_term_string}\",\"query-input\":\"required name=search_term_string\"}],\"inLanguage\":\"fr-FR\"},{\"@type\":\"WebPage\",\"@id\":\"https:\/\/andrieu-servaege.fr\/index.php\/construction\/#webpage\",\"url\":\"https:\/\/andrieu-servaege.fr\/index.php\/construction\/\",\"name\":\"Construction - Andrieu-Servaege\",\"isPartOf\":{\"@id\":\"https:\/\/andrieu-servaege.fr\/#website\"},\"datePublished\":\"2020-05-11T11:59:07+00:00\",\"dateModified\":\"2020-05-11T12:09:07+00:00\",\"inLanguage\":\"fr-FR\",\"potentialAction\":[{\"@type\":\"ReadAction\",\"target\":[\"https:\/\/andrieu-servaege.fr\/index.php\/construction\/\"]}]}]}<\/script>\n<!-- \/ Yoast SEO plugin. -->","_links":{"self":[{"href":"https:\/\/andrieu-servaege.fr\/index.php\/wp-json\/wp\/v2\/pages\/206"}],"collection":[{"href":"https:\/\/andrieu-servaege.fr\/index.php\/wp-json\/wp\/v2\/pages"}],"about":[{"href":"https:\/\/andrieu-servaege.fr\/index.php\/wp-json\/wp\/v2\/types\/page"}],"author":[{"embeddable":true,"href":"https:\/\/andrieu-servaege.fr\/index.php\/wp-json\/wp\/v2\/users\/1"}],"replies":[{"embeddable":true,"href":"https:\/\/andrieu-servaege.fr\/index.php\/wp-json\/wp\/v2\/comments?post=206"}],"version-history":[{"count":11,"href":"https:\/\/andrieu-servaege.fr\/index.php\/wp-json\/wp\/v2\/pages\/206\/revisions"}],"predecessor-version":[{"id":222,"href":"https:\/\/andrieu-servaege.fr\/index.php\/wp-json\/wp\/v2\/pages\/206\/revisions\/222"}],"wp:attachment":[{"href":"https:\/\/andrieu-servaege.fr\/index.php\/wp-json\/wp\/v2\/media?parent=206"}],"curies":[{"name":"wp","href":"https:\/\/api.w.org\/{rel}","templated":true}]}}