{"id":51,"date":"2020-05-10T22:44:04","date_gmt":"2020-05-10T20:44:04","guid":{"rendered":"http:\/\/andrieu-servaege.fr\/?page_id=51"},"modified":"2023-01-14T15:53:12","modified_gmt":"2023-01-14T14:53:12","slug":"accueil","status":"publish","type":"page","link":"https:\/\/andrieu-servaege.fr\/","title":{"rendered":"Accueil"},"content":{"rendered":"\t\t<div data-elementor-type=\"wp-page\" data-elementor-id=\"51\" class=\"elementor elementor-51\">\n\t\t\t\t\t\t<div class=\"elementor-inner\">\n\t\t\t\t<div class=\"elementor-section-wrap\">\n\t\t\t\t\t\t\t\t\t<section class=\"elementor-section elementor-top-section elementor-element elementor-element-3f25aca elementor-section-boxed elementor-section-height-default elementor-section-height-default\" data-id=\"3f25aca\" data-element_type=\"section\">\n\t\t\t\t\t\t<div class=\"elementor-container elementor-column-gap-default\">\n\t\t\t\t\t\t\t<div class=\"elementor-row\">\n\t\t\t\t\t<div class=\"elementor-column elementor-col-20 elementor-top-column elementor-element elementor-element-31db9c8\" data-id=\"31db9c8\" data-element_type=\"column\">\n\t\t\t<div class=\"elementor-column-wrap elementor-element-populated\">\n\t\t\t\t\t\t\t<div class=\"elementor-widget-wrap\">\n\t\t\t\t\t\t<div class=\"elementor-element elementor-element-6b76985 elementor-widget elementor-widget-image\" data-id=\"6b76985\" data-element_type=\"widget\" data-widget_type=\"image.default\">\n\t\t\t\t<div class=\"elementor-widget-container\">\n\t\t\t\t\t\t\t\t<div class=\"elementor-image\">\n\t\t\t\t\t\t\t\t\t\t\t\t\t<a href=\"http:\/\/andrieu-servaege.fr\/index.php\/artisan-reference-2020\/\">\n\t\t\t\t\t\t\t<img decoding=\"async\" width=\"150\" height=\"150\" src=\"https:\/\/andrieu-servaege.fr\/wp-content\/uploads\/2023\/01\/ARTISAN_REF2023-150x150.jpg\" class=\"elementor-animation-grow attachment-thumbnail size-thumbnail wp-image-554\" alt=\"\" loading=\"lazy\" srcset=\"https:\/\/andrieu-servaege.fr\/wp-content\/uploads\/2023\/01\/ARTISAN_REF2023-150x150.jpg 150w, https:\/\/andrieu-servaege.fr\/wp-content\/uploads\/2023\/01\/ARTISAN_REF2023-300x300.jpg 300w, https:\/\/andrieu-servaege.fr\/wp-content\/uploads\/2023\/01\/ARTISAN_REF2023.jpg 323w\" sizes=\"(max-width: 150px) 100vw, 150px\" \/>\t\t\t\t\t\t\t\t<\/a>\n\t\t\t\t\t\t\t\t\t\t\t\t\t\t<\/div>\n\t\t\t\t\t\t<\/div>\n\t\t\t\t<\/div>\n\t\t\t\t<div class=\"elementor-element elementor-element-acbccc7 elementor-widget elementor-widget-text-editor\" data-id=\"acbccc7\" data-element_type=\"widget\" data-widget_type=\"text-editor.default\">\n\t\t\t\t<div class=\"elementor-widget-container\">\n\t\t\t\t\t\t\t\t<div class=\"elementor-text-editor elementor-clearfix\">\n\t\t\t\t<p><span style=\"text-align: start;\">Assur\u00e9 MAAF <br \/>depuis au moins 5 ans <br \/>sans sinistre d\u00e9clar\u00e9 <br \/>en garantie d\u00e9cennale.<\/span><\/p>\t\t\t\t\t<\/div>\n\t\t\t\t\t\t<\/div>\n\t\t\t\t<\/div>\n\t\t\t\t\t\t<\/div>\n\t\t\t\t\t<\/div>\n\t\t<\/div>\n\t\t\t\t<div class=\"elementor-column elementor-col-20 elementor-top-column elementor-element elementor-element-b6166c9\" data-id=\"b6166c9\" data-element_type=\"column\">\n\t\t\t<div class=\"elementor-column-wrap elementor-element-populated\">\n\t\t\t\t\t\t\t<div class=\"elementor-widget-wrap\">\n\t\t\t\t\t\t<div class=\"elementor-element elementor-element-adc9f7e elementor-widget elementor-widget-text-editor\" data-id=\"adc9f7e\" data-element_type=\"widget\" data-widget_type=\"text-editor.default\">\n\t\t\t\t<div class=\"elementor-widget-container\">\n\t\t\t\t\t\t\t\t<div class=\"elementor-text-editor elementor-clearfix\">\n\t\t\t\t\t\t\t\t\t<\/div>\n\t\t\t\t\t\t<\/div>\n\t\t\t\t<\/div>\n\t\t\t\t\t\t<\/div>\n\t\t\t\t\t<\/div>\n\t\t<\/div>\n\t\t\t\t<div class=\"elementor-column elementor-col-20 elementor-top-column elementor-element elementor-element-c827bbd\" data-id=\"c827bbd\" data-element_type=\"column\">\n\t\t\t<div class=\"elementor-column-wrap elementor-element-populated\">\n\t\t\t\t\t\t\t<div class=\"elementor-widget-wrap\">\n\t\t\t\t\t\t<div class=\"elementor-element elementor-element-776bd0f elementor-widget elementor-widget-image\" data-id=\"776bd0f\" data-element_type=\"widget\" data-widget_type=\"image.default\">\n\t\t\t\t<div class=\"elementor-widget-container\">\n\t\t\t\t\t\t\t\t<div class=\"elementor-image\">\n\t\t\t\t\t\t\t\t\t\t\t\t\t<a href=\"tel:+330615954312\">\n\t\t\t\t\t\t\t<img decoding=\"async\" width=\"150\" height=\"150\" src=\"https:\/\/andrieu-servaege.fr\/wp-content\/uploads\/2020\/05\/AS_contact-150x150.png\" class=\"elementor-animation-grow attachment-thumbnail size-thumbnail wp-image-236\" alt=\"\" loading=\"lazy\" srcset=\"https:\/\/andrieu-servaege.fr\/wp-content\/uploads\/2020\/05\/AS_contact-150x150.png 150w, https:\/\/andrieu-servaege.fr\/wp-content\/uploads\/2020\/05\/AS_contact-300x300.png 300w, https:\/\/andrieu-servaege.fr\/wp-content\/uploads\/2020\/05\/AS_contact.png 594w\" sizes=\"(max-width: 150px) 100vw, 150px\" \/>\t\t\t\t\t\t\t\t<\/a>\n\t\t\t\t\t\t\t\t\t\t\t\t\t\t<\/div>\n\t\t\t\t\t\t<\/div>\n\t\t\t\t<\/div>\n\t\t\t\t<div class=\"elementor-element elementor-element-e424b5b elementor-widget elementor-widget-text-editor\" data-id=\"e424b5b\" data-element_type=\"widget\" data-widget_type=\"text-editor.default\">\n\t\t\t\t<div class=\"elementor-widget-container\">\n\t\t\t\t\t\t\t\t<div class=\"elementor-text-editor elementor-clearfix\">\n\t\t\t\t<p><strong>Appelez-moi<\/strong><\/p>\t\t\t\t\t<\/div>\n\t\t\t\t\t\t<\/div>\n\t\t\t\t<\/div>\n\t\t\t\t\t\t<\/div>\n\t\t\t\t\t<\/div>\n\t\t<\/div>\n\t\t\t\t<div class=\"elementor-column elementor-col-20 elementor-top-column elementor-element elementor-element-e0c31ed\" data-id=\"e0c31ed\" data-element_type=\"column\">\n\t\t\t<div class=\"elementor-column-wrap elementor-element-populated\">\n\t\t\t\t\t\t\t<div class=\"elementor-widget-wrap\">\n\t\t\t\t\t\t<div class=\"elementor-element elementor-element-3799947 elementor-widget elementor-widget-image\" data-id=\"3799947\" data-element_type=\"widget\" data-widget_type=\"image.default\">\n\t\t\t\t<div class=\"elementor-widget-container\">\n\t\t\t\t\t\t\t\t<div class=\"elementor-image\">\n\t\t\t\t\t\t\t\t\t\t\t\t\t<a href=\"http:\/\/andrieu-servaege.fr\/index.php\/informations\/\">\n\t\t\t\t\t\t\t<img decoding=\"async\" width=\"150\" height=\"150\" src=\"https:\/\/andrieu-servaege.fr\/wp-content\/uploads\/2020\/05\/AS_devis-150x150.png\" class=\"elementor-animation-grow attachment-thumbnail size-thumbnail wp-image-235\" alt=\"\" loading=\"lazy\" srcset=\"https:\/\/andrieu-servaege.fr\/wp-content\/uploads\/2020\/05\/AS_devis-150x150.png 150w, https:\/\/andrieu-servaege.fr\/wp-content\/uploads\/2020\/05\/AS_devis-300x300.png 300w, https:\/\/andrieu-servaege.fr\/wp-content\/uploads\/2020\/05\/AS_devis.png 593w\" sizes=\"(max-width: 150px) 100vw, 150px\" \/>\t\t\t\t\t\t\t\t<\/a>\n\t\t\t\t\t\t\t\t\t\t\t\t\t\t<\/div>\n\t\t\t\t\t\t<\/div>\n\t\t\t\t<\/div>\n\t\t\t\t<div class=\"elementor-element elementor-element-c1345a5 elementor-widget elementor-widget-text-editor\" data-id=\"c1345a5\" data-element_type=\"widget\" data-widget_type=\"text-editor.default\">\n\t\t\t\t<div class=\"elementor-widget-container\">\n\t\t\t\t\t\t\t\t<div class=\"elementor-text-editor elementor-clearfix\">\n\t\t\t\t<p><strong>Demande devis<\/strong><\/p>\t\t\t\t\t<\/div>\n\t\t\t\t\t\t<\/div>\n\t\t\t\t<\/div>\n\t\t\t\t\t\t<\/div>\n\t\t\t\t\t<\/div>\n\t\t<\/div>\n\t\t\t\t<div class=\"elementor-column elementor-col-20 elementor-top-column elementor-element elementor-element-3f0e94b\" data-id=\"3f0e94b\" data-element_type=\"column\">\n\t\t\t<div class=\"elementor-column-wrap elementor-element-populated\">\n\t\t\t\t\t\t\t<div class=\"elementor-widget-wrap\">\n\t\t\t\t\t\t<div class=\"elementor-element elementor-element-8bc6eb0 elementor-widget elementor-widget-image\" data-id=\"8bc6eb0\" data-element_type=\"widget\" data-widget_type=\"image.default\">\n\t\t\t\t<div class=\"elementor-widget-container\">\n\t\t\t\t\t\t\t\t<div class=\"elementor-image\">\n\t\t\t\t\t\t\t\t\t\t\t\t\t<a href=\"http:\/\/andrieu-servaege.fr\/index.php\/rendez-vous\/\">\n\t\t\t\t\t\t\t<img decoding=\"async\" width=\"150\" height=\"150\" src=\"https:\/\/andrieu-servaege.fr\/wp-content\/uploads\/2020\/05\/AS_RDV-150x150.png\" class=\"elementor-animation-grow attachment-thumbnail size-thumbnail wp-image-241\" alt=\"\" loading=\"lazy\" srcset=\"https:\/\/andrieu-servaege.fr\/wp-content\/uploads\/2020\/05\/AS_RDV-150x150.png 150w, https:\/\/andrieu-servaege.fr\/wp-content\/uploads\/2020\/05\/AS_RDV-300x300.png 300w, https:\/\/andrieu-servaege.fr\/wp-content\/uploads\/2020\/05\/AS_RDV.png 592w\" sizes=\"(max-width: 150px) 100vw, 150px\" \/>\t\t\t\t\t\t\t\t<\/a>\n\t\t\t\t\t\t\t\t\t\t\t\t\t\t<\/div>\n\t\t\t\t\t\t<\/div>\n\t\t\t\t<\/div>\n\t\t\t\t<div class=\"elementor-element elementor-element-49b50fa elementor-widget elementor-widget-text-editor\" data-id=\"49b50fa\" data-element_type=\"widget\" data-widget_type=\"text-editor.default\">\n\t\t\t\t<div class=\"elementor-widget-container\">\n\t\t\t\t\t\t\t\t<div class=\"elementor-text-editor elementor-clearfix\">\n\t\t\t\t<p><strong>Demande de RDV<\/strong><\/p>\t\t\t\t\t<\/div>\n\t\t\t\t\t\t<\/div>\n\t\t\t\t<\/div>\n\t\t\t\t\t\t<\/div>\n\t\t\t\t\t<\/div>\n\t\t<\/div>\n\t\t\t\t\t\t\t\t<\/div>\n\t\t\t\t\t<\/div>\n\t\t<\/section>\n\t\t\t\t<section class=\"elementor-section elementor-top-section elementor-element elementor-element-1535e59 elementor-section-boxed elementor-section-height-default elementor-section-height-default\" data-id=\"1535e59\" data-element_type=\"section\">\n\t\t\t\t\t\t<div class=\"elementor-container elementor-column-gap-default\">\n\t\t\t\t\t\t\t<div class=\"elementor-row\">\n\t\t\t\t\t<div class=\"elementor-column elementor-col-100 elementor-top-column elementor-element elementor-element-42c391e\" data-id=\"42c391e\" data-element_type=\"column\">\n\t\t\t<div class=\"elementor-column-wrap elementor-element-populated\">\n\t\t\t\t\t\t\t<div class=\"elementor-widget-wrap\">\n\t\t\t\t\t\t<div class=\"elementor-element elementor-element-33f1bee elementor-widget elementor-widget-spacer\" data-id=\"33f1bee\" data-element_type=\"widget\" data-widget_type=\"spacer.default\">\n\t\t\t\t<div class=\"elementor-widget-container\">\n\t\t\t\t\t<div class=\"elementor-spacer\">\n\t\t\t<div class=\"elementor-spacer-inner\"><\/div>\n\t\t<\/div>\n\t\t\t\t<\/div>\n\t\t\t\t<\/div>\n\t\t\t\t<div class=\"elementor-element elementor-element-36756e4 elementor-widget elementor-widget-heading\" data-id=\"36756e4\" data-element_type=\"widget\" data-widget_type=\"heading.default\">\n\t\t\t\t<div class=\"elementor-widget-container\">\n\t\t\t<h5 class=\"elementor-heading-title elementor-size-default\">Vous avez envie de transformer, d\u2019agrandir et ou de r\u00e9nover votre maison, votre appartement ou vos alentours ?<\/h5>\t\t<\/div>\n\t\t\t\t<\/div>\n\t\t\t\t\t\t<\/div>\n\t\t\t\t\t<\/div>\n\t\t<\/div>\n\t\t\t\t\t\t\t\t<\/div>\n\t\t\t\t\t<\/div>\n\t\t<\/section>\n\t\t\t\t<section class=\"elementor-section elementor-top-section elementor-element elementor-element-339ab60 elementor-section-boxed elementor-section-height-default elementor-section-height-default\" data-id=\"339ab60\" data-element_type=\"section\">\n\t\t\t\t\t\t<div class=\"elementor-container elementor-column-gap-default\">\n\t\t\t\t\t\t\t<div class=\"elementor-row\">\n\t\t\t\t\t<div class=\"elementor-column elementor-col-100 elementor-top-column elementor-element elementor-element-86234c7\" data-id=\"86234c7\" data-element_type=\"column\">\n\t\t\t<div class=\"elementor-column-wrap elementor-element-populated\">\n\t\t\t\t\t\t\t<div class=\"elementor-widget-wrap\">\n\t\t\t\t\t\t<div class=\"elementor-element elementor-element-6451e90 elementor-widget elementor-widget-text-editor\" data-id=\"6451e90\" data-element_type=\"widget\" data-widget_type=\"text-editor.default\">\n\t\t\t\t<div class=\"elementor-widget-container\">\n\t\t\t\t\t\t\t\t<div class=\"elementor-text-editor elementor-clearfix\">\n\t\t\t\t<p>Sachez que nous prenons en charge l&rsquo;enti\u00e8ret\u00e9 des travaux \u00e0 r\u00e9aliser.<br \/>Gr\u00e2ce aux comp\u00e9tences techniques et pratiques que nous avons accumul\u00e9es depuis de nombreuses ann\u00e9es, notre \u00e9quipe est un partenaire fiable pour la conception et l&rsquo;organisation de l&rsquo;ex\u00e9cution de tous vos travaux de r\u00e9novation.<\/p>\t\t\t\t\t<\/div>\n\t\t\t\t\t\t<\/div>\n\t\t\t\t<\/div>\n\t\t\t\t\t\t<\/div>\n\t\t\t\t\t<\/div>\n\t\t<\/div>\n\t\t\t\t\t\t\t\t<\/div>\n\t\t\t\t\t<\/div>\n\t\t<\/section>\n\t\t\t\t<section class=\"elementor-section elementor-top-section elementor-element elementor-element-e7053f8 elementor-section-boxed elementor-section-height-default elementor-section-height-default\" data-id=\"e7053f8\" data-element_type=\"section\">\n\t\t\t\t\t\t<div class=\"elementor-container elementor-column-gap-default\">\n\t\t\t\t\t\t\t<div class=\"elementor-row\">\n\t\t\t\t\t<div class=\"elementor-column elementor-col-100 elementor-top-column elementor-element elementor-element-1729fcd\" data-id=\"1729fcd\" data-element_type=\"column\">\n\t\t\t<div class=\"elementor-column-wrap elementor-element-populated\">\n\t\t\t\t\t\t\t<div class=\"elementor-widget-wrap\">\n\t\t\t\t\t\t<div class=\"elementor-element elementor-element-20de4e5 elementor-widget elementor-widget-text-editor\" data-id=\"20de4e5\" data-element_type=\"widget\" data-widget_type=\"text-editor.default\">\n\t\t\t\t<div class=\"elementor-widget-container\">\n\t\t\t\t\t\t\t\t<div class=\"elementor-text-editor elementor-clearfix\">\n\t\t\t\t<p class=\"mb0\"><strong>Andrieu-Servaege SARL<\/strong> est sp\u00e9cialis\u00e9 dans la budg\u00e9tisation et coordination de r\u00e9novation ou d&rsquo;agrandissement de biens existants. La taille et l&rsquo;envergure de votre projet est secondaire. Ce qui importe c&rsquo;est de trouver une solution parfaite pour votre projet.<\/p><p class=\"mb0\">Nous nous chargeons de la conception jusqu&rsquo;\u00e0 la finalisation des travaux. Nous g\u00e9rons et ex\u00e9cutons toutes les \u00e9tapes en respectant vos id\u00e9es, vos besoins et votre budget.<\/p>\t\t\t\t\t<\/div>\n\t\t\t\t\t\t<\/div>\n\t\t\t\t<\/div>\n\t\t\t\t\t\t<\/div>\n\t\t\t\t\t<\/div>\n\t\t<\/div>\n\t\t\t\t\t\t\t\t<\/div>\n\t\t\t\t\t<\/div>\n\t\t<\/section>\n\t\t\t\t<section class=\"elementor-section elementor-top-section elementor-element elementor-element-2073c86 elementor-section-boxed elementor-section-height-default elementor-section-height-default\" data-id=\"2073c86\" data-element_type=\"section\">\n\t\t\t\t\t\t<div class=\"elementor-container elementor-column-gap-default\">\n\t\t\t\t\t\t\t<div class=\"elementor-row\">\n\t\t\t\t\t<div class=\"elementor-column elementor-col-100 elementor-top-column elementor-element elementor-element-4498285\" data-id=\"4498285\" data-element_type=\"column\">\n\t\t\t<div class=\"elementor-column-wrap elementor-element-populated\">\n\t\t\t\t\t\t\t<div class=\"elementor-widget-wrap\">\n\t\t\t\t\t\t<div class=\"elementor-element elementor-element-98e070e elementor-widget elementor-widget-image-gallery\" data-id=\"98e070e\" data-element_type=\"widget\" data-widget_type=\"image-gallery.default\">\n\t\t\t\t<div class=\"elementor-widget-container\">\n\t\t\t\t\t<div class=\"elementor-image-gallery\">\n\t\t\t<div id=\"kad-wp-gallery53\" class=\"kad-wp-gallery kad-light-wp-gallery clearfix kt-gallery-column-5 rowtight\"><div class=\"tcol-lg-25 tcol-md-25 tcol-sm-3 tcol-xs-4 tcol-ss-6 g_item\"><div class=\"grid_item kad_gallery_fade_in gallery_item\"><a href=\"https:\/\/andrieu-servaege.fr\/wp-content\/uploads\/2020\/05\/piscine-monsieur-paris-154.jpg\" data-rel=\"lightbox\" class=\"lightboxhover\"><img decoding=\"async\" loading=\"lazy\" src=\"https:\/\/andrieu-servaege.fr\/wp-content\/uploads\/2020\/05\/piscine-monsieur-paris-154-300x300.jpg\" width=\"300\" height=\"300\" alt=\"\" srcset=\"https:\/\/andrieu-servaege.fr\/wp-content\/uploads\/2020\/05\/piscine-monsieur-paris-154-300x300.jpg 300w, https:\/\/andrieu-servaege.fr\/wp-content\/uploads\/2020\/05\/piscine-monsieur-paris-154-150x150.jpg 150w, https:\/\/andrieu-servaege.fr\/wp-content\/uploads\/2020\/05\/piscine-monsieur-paris-154-600x600.jpg 600w\" sizes=\"(max-width: 300px) 100vw, 300px\" class=\"light-dropshaddow\"\/><\/a><\/div><\/div><div class=\"tcol-lg-25 tcol-md-25 tcol-sm-3 tcol-xs-4 tcol-ss-6 g_item\"><div class=\"grid_item kad_gallery_fade_in gallery_item\"><a href=\"https:\/\/andrieu-servaege.fr\/wp-content\/uploads\/2020\/05\/piscine-cremailliere-218.jpg\" data-rel=\"lightbox\" class=\"lightboxhover\"><img decoding=\"async\" loading=\"lazy\" src=\"https:\/\/andrieu-servaege.fr\/wp-content\/uploads\/2020\/05\/piscine-cremailliere-218-300x300.jpg\" width=\"300\" height=\"300\" alt=\"\" srcset=\"https:\/\/andrieu-servaege.fr\/wp-content\/uploads\/2020\/05\/piscine-cremailliere-218-300x300.jpg 300w, https:\/\/andrieu-servaege.fr\/wp-content\/uploads\/2020\/05\/piscine-cremailliere-218-150x150.jpg 150w, https:\/\/andrieu-servaege.fr\/wp-content\/uploads\/2020\/05\/piscine-cremailliere-218-600x600.jpg 600w\" sizes=\"(max-width: 300px) 100vw, 300px\" class=\"light-dropshaddow\"\/><\/a><\/div><\/div><div class=\"tcol-lg-25 tcol-md-25 tcol-sm-3 tcol-xs-4 tcol-ss-6 g_item\"><div class=\"grid_item kad_gallery_fade_in gallery_item\"><a href=\"https:\/\/andrieu-servaege.fr\/wp-content\/uploads\/2020\/05\/IMAG1046.jpg\" data-rel=\"lightbox\" class=\"lightboxhover\"><img decoding=\"async\" loading=\"lazy\" src=\"https:\/\/andrieu-servaege.fr\/wp-content\/uploads\/2020\/05\/IMAG1046-300x300.jpg\" width=\"300\" height=\"300\" alt=\"\" srcset=\"https:\/\/andrieu-servaege.fr\/wp-content\/uploads\/2020\/05\/IMAG1046-300x300.jpg 300w, https:\/\/andrieu-servaege.fr\/wp-content\/uploads\/2020\/05\/IMAG1046-150x150.jpg 150w, https:\/\/andrieu-servaege.fr\/wp-content\/uploads\/2020\/05\/IMAG1046-400x400.jpg 400w\" sizes=\"(max-width: 300px) 100vw, 300px\" class=\"light-dropshaddow\"\/><\/a><\/div><\/div><div class=\"tcol-lg-25 tcol-md-25 tcol-sm-3 tcol-xs-4 tcol-ss-6 g_item\"><div class=\"grid_item kad_gallery_fade_in gallery_item\"><a href=\"https:\/\/andrieu-servaege.fr\/wp-content\/uploads\/2020\/05\/DSCN2284.jpg\" data-rel=\"lightbox\" class=\"lightboxhover\"><img decoding=\"async\" loading=\"lazy\" src=\"https:\/\/andrieu-servaege.fr\/wp-content\/uploads\/2020\/05\/DSCN2284-300x300.jpg\" width=\"300\" height=\"300\" alt=\"\" srcset=\"https:\/\/andrieu-servaege.fr\/wp-content\/uploads\/2020\/05\/DSCN2284-300x300.jpg 300w, https:\/\/andrieu-servaege.fr\/wp-content\/uploads\/2020\/05\/DSCN2284-150x150.jpg 150w, https:\/\/andrieu-servaege.fr\/wp-content\/uploads\/2020\/05\/DSCN2284-600x600.jpg 600w\" sizes=\"(max-width: 300px) 100vw, 300px\" class=\"light-dropshaddow\"\/><\/a><\/div><\/div><div class=\"tcol-lg-25 tcol-md-25 tcol-sm-3 tcol-xs-4 tcol-ss-6 g_item\"><div class=\"grid_item kad_gallery_fade_in gallery_item\"><a href=\"https:\/\/andrieu-servaege.fr\/wp-content\/uploads\/2020\/05\/DSCN2235-2.jpg\" data-rel=\"lightbox\" class=\"lightboxhover\"><img decoding=\"async\" loading=\"lazy\" src=\"https:\/\/andrieu-servaege.fr\/wp-content\/uploads\/2020\/05\/DSCN2235-2-300x300.jpg\" width=\"300\" height=\"300\" alt=\"\" srcset=\"https:\/\/andrieu-servaege.fr\/wp-content\/uploads\/2020\/05\/DSCN2235-2-300x300.jpg 300w, https:\/\/andrieu-servaege.fr\/wp-content\/uploads\/2020\/05\/DSCN2235-2-150x150.jpg 150w, https:\/\/andrieu-servaege.fr\/wp-content\/uploads\/2020\/05\/DSCN2235-2-600x600.jpg 600w\" sizes=\"(max-width: 300px) 100vw, 300px\" class=\"light-dropshaddow\"\/><\/a><\/div><\/div><\/div>\t\t<\/div>\n\t\t\t\t<\/div>\n\t\t\t\t<\/div>\n\t\t\t\t\t\t<\/div>\n\t\t\t\t\t<\/div>\n\t\t<\/div>\n\t\t\t\t\t\t\t\t<\/div>\n\t\t\t\t\t<\/div>\n\t\t<\/section>\n\t\t\t\t<section class=\"elementor-section elementor-top-section elementor-element elementor-element-4b4a8f4 elementor-section-boxed elementor-section-height-default elementor-section-height-default\" data-id=\"4b4a8f4\" data-element_type=\"section\">\n\t\t\t\t\t\t<div class=\"elementor-container elementor-column-gap-default\">\n\t\t\t\t\t\t\t<div class=\"elementor-row\">\n\t\t\t\t\t<div class=\"elementor-column elementor-col-100 elementor-top-column elementor-element elementor-element-e5b1599\" data-id=\"e5b1599\" data-element_type=\"column\">\n\t\t\t<div class=\"elementor-column-wrap\">\n\t\t\t\t\t\t\t<div class=\"elementor-widget-wrap\">\n\t\t\t\t\t\t\t\t<\/div>\n\t\t\t\t\t<\/div>\n\t\t<\/div>\n\t\t\t\t\t\t\t\t<\/div>\n\t\t\t\t\t<\/div>\n\t\t<\/section>\n\t\t\t\t\t\t\t\t\t<\/div>\n\t\t\t<\/div>\n\t\t\t\t\t<\/div>\n\t\t","protected":false},"excerpt":{"rendered":"<p>Assur\u00e9 MAAF depuis au moins 5 ans sans sinistre d\u00e9clar\u00e9 en garantie d\u00e9cennale. Appelez-moi Demande devis Demande de RDV Vous avez envie de transformer, d\u2019agrandir et ou de r\u00e9nover votre maison, votre appartement ou vos alentours ? Sachez que nous &hellip; <a href=\"https:\/\/andrieu-servaege.fr\/\">Lire la suite\u00ad\u00ad<\/a><\/p>\n","protected":false},"author":1,"featured_media":0,"parent":0,"menu_order":0,"comment_status":"closed","ping_status":"closed","template":"","meta":{"kt_blocks_editor_width":""},"yoast_head":"<!-- This site is optimized with the Yoast SEO plugin v15.3 - https:\/\/yoast.com\/wordpress\/plugins\/seo\/ -->\n<title>Accueil - Andrieu-Servaege<\/title>\n<meta name=\"robots\" content=\"index, follow, max-snippet:-1, max-image-preview:large, max-video-preview:-1\" \/>\n<link rel=\"canonical\" href=\"https:\/\/andrieu-servaege.fr\/\" \/>\n<meta property=\"og:locale\" content=\"fr_FR\" \/>\n<meta property=\"og:type\" content=\"article\" \/>\n<meta property=\"og:title\" content=\"Accueil - Andrieu-Servaege\" \/>\n<meta property=\"og:description\" content=\"Assur\u00e9 MAAF depuis au moins 5 ans sans sinistre d\u00e9clar\u00e9 en garantie d\u00e9cennale. Appelez-moi Demande devis Demande de RDV Vous avez envie de transformer, d\u2019agrandir et ou de r\u00e9nover votre maison, votre appartement ou vos alentours ? Sachez que nous &hellip; Lire la suite\u00ad\u00ad\" \/>\n<meta property=\"og:url\" content=\"https:\/\/andrieu-servaege.fr\/\" \/>\n<meta property=\"og:site_name\" content=\"Andrieu-Servaege\" \/>\n<meta property=\"article:modified_time\" content=\"2023-01-14T14:53:12+00:00\" \/>\n<meta property=\"og:image\" content=\"https:\/\/andrieu-servaege.fr\/wp-content\/uploads\/2023\/01\/ARTISAN_REF2023-150x150.jpg\" \/>\n<meta name=\"twitter:card\" content=\"summary_large_image\" \/>\n<meta name=\"twitter:label1\" content=\"\u00c9crit par\">\n\t<meta name=\"twitter:data1\" content=\"admin4383\">\n\t<meta name=\"twitter:label2\" content=\"Dur\u00e9e de lecture est.\">\n\t<meta name=\"twitter:data2\" content=\"1 minute\">\n<script type=\"application\/ld+json\" class=\"yoast-schema-graph\">{\"@context\":\"https:\/\/schema.org\",\"@graph\":[{\"@type\":\"WebSite\",\"@id\":\"https:\/\/andrieu-servaege.fr\/#website\",\"url\":\"https:\/\/andrieu-servaege.fr\/\",\"name\":\"Andrieu-Servaege\",\"description\":\"Entreprise de r\\u00e9novation Pouzilhac\",\"potentialAction\":[{\"@type\":\"SearchAction\",\"target\":\"https:\/\/andrieu-servaege.fr\/?s={search_term_string}\",\"query-input\":\"required name=search_term_string\"}],\"inLanguage\":\"fr-FR\"},{\"@type\":\"ImageObject\",\"@id\":\"https:\/\/andrieu-servaege.fr\/#primaryimage\",\"inLanguage\":\"fr-FR\",\"url\":\"https:\/\/andrieu-servaege.fr\/wp-content\/uploads\/2023\/01\/ARTISAN_REF2023.jpg\",\"width\":323,\"height\":323},{\"@type\":\"WebPage\",\"@id\":\"https:\/\/andrieu-servaege.fr\/#webpage\",\"url\":\"https:\/\/andrieu-servaege.fr\/\",\"name\":\"Accueil - Andrieu-Servaege\",\"isPartOf\":{\"@id\":\"https:\/\/andrieu-servaege.fr\/#website\"},\"primaryImageOfPage\":{\"@id\":\"https:\/\/andrieu-servaege.fr\/#primaryimage\"},\"datePublished\":\"2020-05-10T20:44:04+00:00\",\"dateModified\":\"2023-01-14T14:53:12+00:00\",\"inLanguage\":\"fr-FR\",\"potentialAction\":[{\"@type\":\"ReadAction\",\"target\":[\"https:\/\/andrieu-servaege.fr\/\"]}]}]}<\/script>\n<!-- \/ Yoast SEO plugin. -->","_links":{"self":[{"href":"https:\/\/andrieu-servaege.fr\/index.php\/wp-json\/wp\/v2\/pages\/51"}],"collection":[{"href":"https:\/\/andrieu-servaege.fr\/index.php\/wp-json\/wp\/v2\/pages"}],"about":[{"href":"https:\/\/andrieu-servaege.fr\/index.php\/wp-json\/wp\/v2\/types\/page"}],"author":[{"embeddable":true,"href":"https:\/\/andrieu-servaege.fr\/index.php\/wp-json\/wp\/v2\/users\/1"}],"replies":[{"embeddable":true,"href":"https:\/\/andrieu-servaege.fr\/index.php\/wp-json\/wp\/v2\/comments?post=51"}],"version-history":[{"count":93,"href":"https:\/\/andrieu-servaege.fr\/index.php\/wp-json\/wp\/v2\/pages\/51\/revisions"}],"predecessor-version":[{"id":563,"href":"https:\/\/andrieu-servaege.fr\/index.php\/wp-json\/wp\/v2\/pages\/51\/revisions\/563"}],"wp:attachment":[{"href":"https:\/\/andrieu-servaege.fr\/index.php\/wp-json\/wp\/v2\/media?parent=51"}],"curies":[{"name":"wp","href":"https:\/\/api.w.org\/{rel}","templated":true}]}}